 d?
2
Let o be 26*(-8)/(1 + -3). Let w = 20 + o. What is the tens digit of w?
2
Let p be (-1 + -4)/(1 + -2). Suppose -5*n + p*i + 25 = 0, -2*i - 14 = -2*n - n. Suppose 4*a - n*x = 2*a + 100, 3*a + x = 164. What is the tens digit of a?
5
Let i(z) = -172*z + 1411. What is the hundreds digit of i(-13)?
6
Let h be (-2)/(-8) - (-28)/16. Suppose -5*t = h*q - 47, -5*t = -3*q + 16 - 83. Suppose t*d - 156 = 7*d. What is the units digit of d?
9
Let p = 149 - 151. What is the tens digit of (p - 3)*(-6)/(-4)*-12?
9
Suppose -5*k + 1755 = 5*d, 4*d - 5*k = 185 + 1264. Suppose -4506 = -5*i - d. Suppose 8*b - i = -5*t + 3*b, 3*t = 3*b + 504. What is the units digit of t?
7
What is the hundreds digit of (2545875/20)/45 - 10/(-8)?
8
Suppose -2*z = -h + 8, -19 = 3*z - 2*h - 5. Let d be z - 7/((-35)/20). Suppose 8*t - d*t = 1056. What is the units digit of t?
6
Let h be -2 - -3 - (3 + -2). Suppose 4*s + 3*a + 139 = h, 5*a - 16 = s + 2*a. Let p = 53 + s. What is the units digit of p?
2
Let d be (1 - -2)*(-2 + (-3)/(-3)). Let b = d + 7. Suppose -t - 62 = -b*z + 3*z, -t = 2*z - 118. What is the units digit of z?
0
Suppose 167724 = -0*y + 11*y - 5*y. What is the ten thousands digit of y?
2
Suppose -12*t - 2644 = 32. Let w = t + 316. What is the tens digit of w?
9
Let g be ((-18)/(-12))/(3/(-878)). Let h = 994 + g. What is the tens digit of h?
5
Let d(o) = -o**3 + o**2 - 5*o + 1. Suppose 0 = 4*z - 5*r - 5, 3*z + r = -2*z - 30. What is the hundreds digit of d(z)?
1
Let p(i) = -i + 2. Let y be p(-3). Suppose -y*x + 624 = -2*x. Let l = x + 49. What is the units digit of l?
7
Let u = 753 + -761. Let j(z) = -20*z + 61. What is the hundreds digit of j(u)?
2
Suppose -127*m + 183607 = -1233338 - 1107561. What is the thousands digit of m?
9
Let l be (-549 - -1)*(-36)/(10 - 1). Suppose 30*b = -l + 8522. What is the units digit of b?
1
Suppose -h = 5*j - 100499, -37*j = -42*j + 2*h + 100487. What is the tens digit of j?
9
Suppose 0 = a - 5, 2*a = w - 14643 - 4629. What is the thousands digit of w?
9
Let v(m) = m**2 + 6*m + 4. Let a be v(-4). What is the units digit of ((-80)/(-60))/(a/(-1590))?
0
Suppose -1 = -2*v + 5. Let t = -279 - -283. Suppose 0 = -i + t*p + 93, -4*p = v*i + p - 262. What is the units digit of i?
9
Let k = -10647 - -19728. What is the hundreds digit of k?
0
Let k be ((-46)/4 - 3)*2. Suppose 0 = -2*r + 4*r - 5*j + 19, 0 = 3*j - 15. Let i = r - k. What is the tens digit of i?
3
Let d(n) = 3*n**3 - 60*n**2 - 216*n - 93. What is the ten thousands digit of d(30)?
2
Let t be (-81)/(-15) - ((-9)/15 - -1). Suppose -p = t, 1599 + 751 = 5*u - 4*p. What is the units digit of u?
6
Let r = 24 - -363. Let w = r - -103. What is the hundreds digit of w?
4
Let g(i) = 6*i**2 + 11*i + 3. Suppose -10*v = 11 + 39. What is the tens digit of g(v)?
9
Suppose -5*a + 100 = -4*s, -11*a + 14*a + s = 60. Suppose a*m = 19*m + 265. What is the tens digit of m?
6
Let i = 48022 + -22173. What is the units digit of i?
9
Suppose -8*a = -3*a - 285. Let t = a + -58. What is the units digit of (30/40)/(t - 26/(-24))?
9
Let p(k) = -241*k - 41. Let j(d) = -240*d - 40. Let w(o) = 3*j(o) - 2*p(o). What is the units digit of w(-3)?
6
Suppose 5159 + 676 = 5*c. Suppose -c = -4*v + 3*d, -395 = -v + 4*d - 87. Let x = v - 184. What is the units digit of x?
4
Let p = -221 - -191. Let i(k) = 3*k**2 + 72*k + 42. What is the tens digit of i(p)?
8
Let x(w) = 156*w**2 + 7*w + 30. What is the units digit of x(9)?
9
Suppose -3*s + 60 = 2*s + 5*v, s - 3*v - 12 = 0. What is the tens digit of (-2134)/(-6) + (-8)/s?
5
Suppose 0 = 3*b - 10*n + 9*n - 63572, 84793 = 4*b + 3*n. What is the tens digit of b?
9
Let w = 133 - 122. Let c(o) = 22 - 19*o**2 + o**3 + w + 6*o + 4*o + 0*o**3. What is the units digit of c(19)?
3
Let l = 42 - 34. Suppose 4*j - l*j = -276. Suppose 0*b = -b + j. What is the tens digit of b?
6
Suppose -76*n + 7*n + 250884 = 0. What is the tens digit of n?
3
Suppose -4*s = -12, 5*u - 3*s + 17 = -4*s. Let k be 4/(-6)*((-18)/u)/(-1). Suppose k*z - 2*d - 147 = 95, 1 = -d. What is the units digit of z?
0
Suppose -p + 225 = 2*j + 953, 5*p - 1850 = 5*j. Let m = j - -90. Let z = -138 - m. What is the hundreds digit of z?
1
Let q = 275 + -271. Suppose 0 = q*d - 2*t - 1970, -7*d = -10*d - 2*t + 1488. What is the hundreds digit of d?
4
What is the thousands digit of (76/(-3) + 1)*(-4224)/16?
6
Let q(b) = -36*b - 59. Let s be q(-13). What is the units digit of (s*-1)/(14 + -15)?
9
Suppose 25*v = 27*v + 2*y - 35174, 0 = -15*v - y + 263819. What is the tens digit of v?
8
Let r = -20360 + 29307. What is the tens digit of r?
4
Suppose -2*h + 12 + 12 = 0. What is the tens digit of 111 + (h/18)/(6/9)?
1
Let j(i) = -3 + 341*i + 338*i + 64*i**2 - 678*i. Let u be j(5). Suppose o - u = -5*o. What is the hundreds digit of o?
2
Let l(z) = z**3 + 2*z**2 + 2. Suppose 2*b + 6 = 2*k, -2*k - 3*b + 11 = -6*b. Let j be l(k). What is the units digit of (-5 + 2)/(j - 110/52)?
6
Let t(n) = 36*n**3 - 3*n**2 - 3*n + 2. Suppose 144 = 8*x + 128. What is the hundreds digit of t(x)?
2
Let v(s) = 33*s + 8. Let f(n) = -6*n**3 + 2*n**2 + n - 3. Let q be f(-2). Let d = -47 + q. What is the units digit of v(d)?
0
Suppose 24*o - 105552 = -6*o + 11598. What is the thousands digit of o?
3
Let o(d) = -583*d - 159. Let k be o(9). What is the tens digit of k/18*(-12)/4?
0
Let d(i) = -7946*i + 73. What is the thousands digit of d(-1)?
8
Let k be ((-2)/3)/(-4 - (-161)/42). Suppose 0 = 7*b - k*b + 141. Let g = b - -109. What is the units digit of g?
2
Let a(h) = -5*h**2 + 7*h + 4*h**2 + 3*h**2 - h**2 - 10. Let x be a(-8). What is the tens digit of (-5 + x + 2)/(1/(-23))?
1
Let k(u) be the first derivative of u**4/4 - 11*u**3/3 + 7*u**2 + 78*u + 119. What is the tens digit of k(15)?
8
Let z = 6 + -5. Let s be (z + 4)*(-6)/15 + 42. Suppose -u + 5*n = -s, n = -3*u + 3*n + 68. What is the units digit of u?
0
Suppose 4*h + 6*t = t + 492, 4*t = 2*h - 272. Let r(w) = -w**2 + 3*w + 437. Let k be r(0). Suppose -k = -3*s - h. What is the hundreds digit of s?
1
Suppose 4 = t + 1. Let u(l) = -13*l + 12*l + 12*l**2 + 0 + 2. What is the units digit of u(t)?
7
Let d(q) = q**3 + 6*q**2 + 8*q + 25. Let l be d(-4). Suppose l*p = 31*p - 408. What is the tens digit of p?
6
Let h = 239 + -244. What is the tens digit of (h/60*-1412)/((-2)/(-6))?
5
Let t(h) be the first derivative of 11*h**3/6 - 11*h**2 + 20*h + 9. Let z(s) be the first derivative of t(s). What is the units digit of z(7)?
5
Let k(z) = -6*z + 1. Let r be k(-1). Let w = 1735 - 1726. Suppose r*m + 134 = w*m. What is the units digit of m?
7
Suppose 10*v - 3*v - 3*v = 0. Suppose 2*z = -2*f + 1170, -4*z - 2*f = -v*z - 2346. Suppose 9*x = 3*x + z. What is the tens digit of x?
9
Let f(w) = -5*w**2 - w + 1445. Let z be f(0). What is the tens digit of (-3)/(-2)*-4 - z/(-1)?
3
Let k be 2 - (-5 - (-8 + 4)). Suppose 12*v - 2322 = k*v. Let t = -133 + v. What is the tens digit of t?
2
Let f = 57971 - 32883. What is the ten thousands digit of f?
2
Let h = -64 - -67. Suppose -2 = h*n - 5*w + 4, -4*w + 15 = n. What is the tens digit of n - 0 - (20 + -140)?
2
Let q = 375 - 143. Let t be (q/(-20))/((-4)/5)*-6. Let n = t - -131. What is the tens digit of n?
4
Let w(u) = -9*u**2 + 2*u - 47. Let h be w(-11). What is the hundreds digit of 10/((-20)/h)*6/9?
3
Suppose 21 = 4*o - 5*u, 0 = o - 2*o - 5*u - 1. Suppose 977 = 3*s - 5*l - 0*l, 5*l - 1291 = -o*s. What is the tens digit of s?
2
Let j = 30 - -609. What is the units digit of (14/(-21))/((-3)/j)?
2
Let o be (-5)/3*(-318)/265. Suppose -4*n - 2533 = -5*h, 4*h + n = -o*n + 2014. What is the hundreds digit of h?
5
Suppose -3*b + 48 = 5*b. Suppose b*u = 5*j + 7*u + 264, 2*u + 164 = -3*j. What is the tens digit of (1 - (-1 - -3))*j?
5
Let z(u) = -23387*u + 365. What is the tens digit of z(-1)?
5
Let r = 26705 + -4776. What is the ten thousands digit of r?
2
Suppose -5*h - 20 = 0, 0*h + 636 = -4*o - 3*h. Let j = 232 + o. Let y = j + 23. What is the units digit of y?
9
Suppose 36*g - 18934 = -68*g + 203002. What is the hundreds digit of g?
1
Suppose 3*h + 3*p - 26916 = 0, -17*p + 14*p + 44850 = 5*h. What is the units digit of h?
7
Let c(i) = -i**3 - 13*i**2 - 13*i - 85. Let w be c(-13). What is the tens digit of ((-148)/8)/((-6)/w + 0)?
5
What is the thousands digit of 2*(-231)/110*551